{"id":906,"date":"2023-10-06T15:44:14","date_gmt":"2023-10-06T15:44:14","guid":{"rendered":"https:\/\/werbegemeinschaft-schnaittach.de\/?page_id=906"},"modified":"2023-10-06T16:31:23","modified_gmt":"2023-10-06T16:31:23","slug":"programm-haus-eins","status":"publish","type":"page","link":"https:\/\/werbegemeinschaft-schnaittach.de\/?page_id=906","title":{"rendered":"Programm haus eins"},"content":{"rendered":"<p>In Schnaittach findet am 8.10.23 der Herbstmarkt statt und das hauseins ist dabei zusammen mit allen Mitbewohnerinnen Zaubernuss Natuerlich Kind sein, Logopaedie Burkhardt, Rebekka Lang und Angela Vogel.<\/p>\n<p><!-- \/wp:paragraph --><!-- wp:paragraph --><\/p>\n<p><!-- \/wp:paragraph --><!-- wp:paragraph --><\/p>\n<p><!-- \/wp:paragraph --><!-- wp:paragraph --><\/p>\n<p><!-- \/wp:paragraph --><!-- wp:paragraph --><\/p>\n<p><!-- \/wp:paragraph --><!-- wp:paragraph --><\/p>\n<p><!-- \/wp:paragraph --><!-- wp:paragraph --><\/p>\n<p><!-- \/wp:paragraph --><!-- wp:paragraph --><\/p>\n<p><!-- wp:paragraph --><\/p>\n<p><!-- \/wp:paragraph --><\/p>\n<p>Ab 13 Uhr sind die L\u00e4den von Haus eins und Zaubernuss ge\u00f6ffnet. Freu dich<br>\nauf Giveaway-Specials zu jedem Einkauf (gestaffelt nach Einkaufswert) !<\/p>\n<p><!-- \/wp:paragraph --><!-- wp:paragraph --><\/p>\n<p>Es gibt Kaffee, Popcorn f\u00fcr die Kids und au\u00dferdem Sekt zum Ansto\u00dfen auf ein<br>\nJahr Logop\u00e4die Burkhardt!<\/p>\n<p><!-- \/wp:paragraph --><!-- wp:paragraph --><\/p>\n<p>L I F E -M U S I K<\/p>\n<p><!-- \/wp:paragraph --><!-- wp:paragraph --><\/p>\n<p>Um 14 Uhr wird uns die vocalerie unter der Leitung von Alice Ruff zusammen<br>\nmit ihren Gesangssch\u00fclerinnen mit Gesang und Piano erfreuen.<\/p>\n<p><!-- \/wp:paragraph --><!-- wp:paragraph --><\/p>\n<p><!-- \/wp:paragraph --><!-- wp:paragraph --><\/p>\n<p><!-- wp:paragraph --><\/p>\n<p><!-- \/wp:paragraph --><\/p>\n<p><!-- \/wp:paragraph --><!-- wp:paragraph --><\/p>\n<p><!-- wp:paragraph --><\/p>\n<p><!-- \/wp:paragraph --><\/p>\n<p><!-- \/wp:paragraph --><!-- wp:paragraph --><\/p>\n<p><!-- wp:paragraph --><\/p>\n<p><!-- \/wp:paragraph --><\/p>\n<p>Ab 15:30 Uhr geht es mit Jochen Rabe und seiner Gitarre ein bisschen rauer<br>\nund unbedingt h\u00f6renswert weiter.<\/p>\n<p><!-- \/wp:paragraph --><!-- wp:paragraph --><\/p>\n<p><span lang=\"EN-US\" style=\"mso-ansi-language: EN-US;\">K I N D E R P R O G R A M M<\/span><\/p>\n<p><!-- \/wp:paragraph --><!-- wp:paragraph --><\/p>\n<p>F\u00fcr die Kids haben wir Glitzertattoos und Heliumballons am Start und lustige<br>\nStra\u00dfenspiele vorbereitet.<\/p>\n<p><!-- \/wp:paragraph --><!-- wp:paragraph --><\/p>\n<p><!-- wp:paragraph --><\/p>\n<p>Wir w\u00fcnschen uns ein buntes Fest und laden dich mit Kind und Kegel ein, bei uns vorbeizuschauen, zu quatschen,und zu bleiben!<\/p>\n<p><!-- \/wp:paragraph --><\/p>\n<p><!-- wp:paragraph --><\/p>\n<p><!-- \/wp:paragraph --><\/p>\n\n<!-- wp:paragraph -->\n<p>__________________________________________________________<\/p>\n<!-- \/wp:paragraph -->","protected":false},"excerpt":{"rendered":"<p>In Schnaittach findet am 8.10.23 der Herbstmarkt statt und das hauseins ist dabei zusammen mit allen Mitbewohnerinnen Zaubernuss Natuerlich Kind sein, Logopaedie Burkhardt, Rebekka Lang und Angela Vogel. Ab 13 Uhr sind die L\u00e4den von Haus eins und Zaubernuss ge\u00f6ffnet. &hellip; <a href=\"https:\/\/werbegemeinschaft-schnaittach.de\/?page_id=906\">Weiterlesen <span class=\"meta-nav\">&rarr;<\/span><\/a><\/p>\n","protected":false},"author":2,"featured_media":0,"parent":96,"menu_order":2,"comment_status":"closed","ping_status":"closed","template":"","meta":{"ngg_post_thumbnail":0},"_links":{"self":[{"href":"https:\/\/werbegemeinschaft-schnaittach.de\/index.php?rest_route=\/wp\/v2\/pages\/906"}],"collection":[{"href":"https:\/\/werbegemeinschaft-schnaittach.de\/index.php?rest_route=\/wp\/v2\/pages"}],"about":[{"href":"https:\/\/werbegemeinschaft-schnaittach.de\/index.php?rest_route=\/wp\/v2\/types\/page"}],"author":[{"embeddable":true,"href":"https:\/\/werbegemeinschaft-schnaittach.de\/index.php?rest_route=\/wp\/v2\/users\/2"}],"replies":[{"embeddable":true,"href":"https:\/\/werbegemeinschaft-schnaittach.de\/index.php?rest_route=%2Fwp%2Fv2%2Fcomments&post=906"}],"version-history":[{"count":28,"href":"https:\/\/werbegemeinschaft-schnaittach.de\/index.php?rest_route=\/wp\/v2\/pages\/906\/revisions"}],"predecessor-version":[{"id":936,"href":"https:\/\/werbegemeinschaft-schnaittach.de\/index.php?rest_route=\/wp\/v2\/pages\/906\/revisions\/936"}],"up":[{"embeddable":true,"href":"https:\/\/werbegemeinschaft-schnaittach.de\/index.php?rest_route=\/wp\/v2\/pages\/96"}],"wp:attachment":[{"href":"https:\/\/werbegemeinschaft-schnaittach.de\/index.php?rest_route=%2Fwp%2Fv2%2Fmedia&parent=906"}],"curies":[{"name":"wp","href":"https:\/\/api.w.org\/{rel}","templated":true}]}}